{"id":1047,"date":"2014-10-16T16:55:00","date_gmt":"2014-10-16T14:55:00","guid":{"rendered":"http:\/\/www.phantasiewerkstatt-bogen.de\/?page_id=1047"},"modified":"2024-02-20T08:54:36","modified_gmt":"2024-02-20T07:54:36","slug":"kindergeburtstage","status":"publish","type":"page","link":"http:\/\/www.phantasiewerkstatt-bogen.de\/?page_id=1047","title":{"rendered":"KINDERGEBURTSTAGE"},"content":{"rendered":"<p>Feiere Deinen Geburtstag in der Phantasiewerkstatt!<\/p>\n<p><img decoding=\"async\" loading=\"lazy\" class=\"alignnone size-large wp-image-1422\" src=\"http:\/\/www.phantasiewerkstatt-bogen.de\/wp-content\/uploads\/2014\/10\/DSC00575.JPGWebsite-785x523.jpg\" alt=\"Holzfiguren\" width=\"720\" height=\"479\" srcset=\"http:\/\/www.phantasiewerkstatt-bogen.de\/wp-content\/uploads\/2014\/10\/DSC00575.JPGWebsite-785x523.jpg 785w, http:\/\/www.phantasiewerkstatt-bogen.de\/wp-content\/uploads\/2014\/10\/DSC00575.JPGWebsite-300x200.jpg 300w, http:\/\/www.phantasiewerkstatt-bogen.de\/wp-content\/uploads\/2014\/10\/DSC00575.JPGWebsite-210x140.jpg 210w\" sizes=\"(max-width: 720px) 100vw, 720px\" \/><\/p>\n<p>Wie l\u00e4uft das ab?<br \/>\nBei uns kannst Du dir je nach Vorliebe eine Bastelaktion deiner Wahl aussuchen.<br \/>\nDie Eltern k\u00f6nnen in der Zwischenzeit Einkaufen gehen, zuschauen oder mit Freunden und der Tante Kaffee trinken.<br \/>\nBringt eure Getr\u00e4nke und den Kuchen mit und esst zusammen am gro\u00dfen Geburtstagstisch.<br \/>\n(Eine Pizzeria ist gleich um die Ecke. Supermarkt auch.)<br \/>\nAlle haben Spa\u00df und jeder nimmt ein fertiges Kunstwerk mit nach Hause.<\/p>\n<p>Erfahrungsgem\u00e4\u00df dauert so eine Geburtstagsfeier etwa dreieinhalb Stunden.<br \/>\nUnd eher 5 Minuten l\u00e4nger als k\u00fcrzer.<\/p>\n<p>Zieht euch Farbklecks-freundliche Klamotten und Schuhe an,<br \/>\num Tr\u00e4nen bei Mutti zu vermeiden, denn unsere Farben sind nicht auswaschbar.<br \/>\nUND SAGT ES ALLEN EUREN FREUNDEN !!!<br \/>\n<strong><br \/>\nUnsere Aktionen im \u00dcberblick:<br \/>\n<\/strong><\/p>\n<p><strong>Werkeln mit Holz und Recyclingmaterial<br \/>\n<\/strong> 120 \u20ac (+ 5\u20ac Material pro Kind)<\/p>\n<p><img decoding=\"async\" loading=\"lazy\" src=\"http:\/\/www.phantasiewerkstatt-bogen.de\/wp-content\/uploads\/2012\/10\/MG_0628-300x200.jpg\" alt=\"_MG_0628\" width=\"300\" height=\"200\" \/><\/p>\n<p><strong>Marionettenbau<\/strong><br \/>\n(2 Kursleiter werden ben\u00f6tigt)<br \/>\n200\u20ac\u00a0 (+5\u20ac Material pro Kind)<\/p>\n<p><img decoding=\"async\" loading=\"lazy\" src=\"http:\/\/www.phantasiewerkstatt-bogen.de\/wp-content\/uploads\/2014\/10\/Marionetten-225x300.jpg\" alt=\"Marionetten\" width=\"225\" height=\"300\" \/><\/p>\n<p><strong>Werkeln und Ferkeln mit Ton <\/strong><strong><br \/>\n<\/strong> 120\u20ac (+ 8\u20ac Material pro Kind\/inkl. Brand)<\/p>\n<p><img decoding=\"async\" loading=\"lazy\" src=\"http:\/\/www.phantasiewerkstatt-bogen.de\/wp-content\/uploads\/2014\/10\/Tonplastik-300x200.jpg\" alt=\"Tonplastik\" width=\"300\" height=\"200\" \/><\/p>\n<p><strong>Bogener Bootswerft<br \/>\n<\/strong>120\u20ac (+5\u20ac Material pro Kind)<br \/>\n<img decoding=\"async\" loading=\"lazy\" src=\"http:\/\/www.phantasiewerkstatt-bogen.de\/wp-content\/uploads\/2014\/10\/DSC01472-300x225.jpg\" alt=\"DSC01472\" width=\"300\" height=\"225\" \/><\/p>\n<p><strong>Grooo\u00dfe Bilder malen<br \/>\n<\/strong>120\u20ac (+5\u20ac Material pro Kind)<\/p>\n<p><img decoding=\"async\" loading=\"lazy\" src=\"http:\/\/www.phantasiewerkstatt-bogen.de\/wp-content\/uploads\/2014\/10\/Grooo\u00dfe-Bilder-225x300.jpg\" alt=\"Grooo\u00dfe Bilder\" width=\"225\" height=\"300\" \/><br \/>\n<strong>Geburtstagstheater<\/strong><\/p>\n<p>Wir verwandeln uns in Elefanten, V\u00f6gel, K\u00e4ngurus und in die gew\u00fcnschten Tiere, gestalten die Masken, das B\u00fchnenbild, die Kost\u00fcme und Requisiten und entwicklen zur Musik ein tierisches Geburtstagstheater.<br \/>\nDas Theaterst\u00fcck wird den Eltern, Onkeln und Omas am Ende der Geburtstagsfeier vorgef\u00fchrt.<\/p>\n<p><img decoding=\"async\" loading=\"lazy\" class=\"alignleft size-medium wp-image-1394\" src=\"http:\/\/www.phantasiewerkstatt-bogen.de\/wp-content\/uploads\/2014\/10\/100_1742-300x225.jpg\" alt=\"\" width=\"300\" height=\"225\" srcset=\"http:\/\/www.phantasiewerkstatt-bogen.de\/wp-content\/uploads\/2014\/10\/100_1742-300x225.jpg 300w, http:\/\/www.phantasiewerkstatt-bogen.de\/wp-content\/uploads\/2014\/10\/100_1742-210x157.jpg 210w, http:\/\/www.phantasiewerkstatt-bogen.de\/wp-content\/uploads\/2014\/10\/100_1742.jpg 500w\" sizes=\"(max-width: 300px) 100vw, 300px\" \/><\/p>\n<p>120\u20ac\u00a0 (+5\u20ac Material pro Kind)<\/p>\n<p><strong>Handpuppenwerkstatt<\/strong><\/p>\n<p>Aus Socken, Kn\u00f6pfen, Stoffresten und unterschiedlichsten Materialien lassen wir phantasievolle Handpuppen entstehen und vielleicht ergibt sich auch ein kleines Theaterst\u00fcck&#8230;.<\/p>\n<p><img decoding=\"async\" loading=\"lazy\" class=\"alignleft size-medium wp-image-1395\" src=\"http:\/\/www.phantasiewerkstatt-bogen.de\/wp-content\/uploads\/2014\/10\/2-Handpuppen-300x248.jpg\" alt=\"2 Handpuppen haben Spa\u00df\" width=\"300\" height=\"248\" srcset=\"http:\/\/www.phantasiewerkstatt-bogen.de\/wp-content\/uploads\/2014\/10\/2-Handpuppen-300x248.jpg 300w, http:\/\/www.phantasiewerkstatt-bogen.de\/wp-content\/uploads\/2014\/10\/2-Handpuppen-210x173.jpg 210w, http:\/\/www.phantasiewerkstatt-bogen.de\/wp-content\/uploads\/2014\/10\/2-Handpuppen.jpg 500w\" sizes=\"(max-width: 300px) 100vw, 300px\" \/><\/p>\n<p>120\u20ac (+5\u20ac Material pro Kind)<\/p>\n<p><strong><br \/>\nMusikvideodreh<\/strong><\/p>\n<p>Ein Lieblingslied, ein Computer, eine Kamera, Instrumente und unterschiedlichste Materialien, um B\u00fchnenbild, Kost\u00fcme und Requisiten zu gestalten &#8211; hier k\u00f6nnen die Kinder ihr Lieblingslied in Form eines Musikvideos neu entstehen lassen. Das fertige Musikvideo wird den Kindern in Form einer WeTransfer Datei zugeschickt.<\/p>\n<p>200\u20ac (+2\u20ac Material pro Kind)<\/p>\n<p><strong>Geburtstag in der Filmwerkstatt<\/strong><\/p>\n<p>Werbespots oder ein Kurzfilm mit einer selbsterfundenen Geschichte &#8211; hier k\u00f6nnen die Kinder Schauspieler, Masken-, Kost\u00fcm- und B\u00fchnenbildner in einem sein und ihren eigenen Film kreiren. Den fertigen Film erhalten die Kinder in Form einer WeTransfer-Datei.<\/p>\n<p>180\u20ac (+2\u20ac Material pro Kind)<\/p>\n<p><strong>Fragen, Anmeldung und Infos?<br \/>\nruft einfach durch<br \/>\n09422 \/ 855311<\/strong><\/p>\n","protected":false},"excerpt":{"rendered":"<p>Feiere Deinen Geburtstag in der Phantasiewerkstatt! Wie l\u00e4uft das ab? Bei uns kannst Du dir je nach Vorliebe eine Bastelaktion deiner Wahl aussuchen. Die Eltern k\u00f6nnen in der Zwischenzeit Einkaufen gehen, zuschauen oder mit Freunden und der Tante Kaffee trinken.<\/p>\n","protected":false},"author":1,"featured_media":1422,"parent":0,"menu_order":0,"comment_status":"closed","ping_status":"open","template":"","meta":[],"_links":{"self":[{"href":"http:\/\/www.phantasiewerkstatt-bogen.de\/index.php?rest_route=\/wp\/v2\/pages\/1047"}],"collection":[{"href":"http:\/\/www.phantasiewerkstatt-bogen.de\/index.php?rest_route=\/wp\/v2\/pages"}],"about":[{"href":"http:\/\/www.phantasiewerkstatt-bogen.de\/index.php?rest_route=\/wp\/v2\/types\/page"}],"author":[{"embeddable":true,"href":"http:\/\/www.phantasiewerkstatt-bogen.de\/index.php?rest_route=\/wp\/v2\/users\/1"}],"replies":[{"embeddable":true,"href":"http:\/\/www.phantasiewerkstatt-bogen.de\/index.php?rest_route=%2Fwp%2Fv2%2Fcomments&post=1047"}],"version-history":[{"count":18,"href":"http:\/\/www.phantasiewerkstatt-bogen.de\/index.php?rest_route=\/wp\/v2\/pages\/1047\/revisions"}],"predecessor-version":[{"id":1456,"href":"http:\/\/www.phantasiewerkstatt-bogen.de\/index.php?rest_route=\/wp\/v2\/pages\/1047\/revisions\/1456"}],"wp:featuredmedia":[{"embeddable":true,"href":"http:\/\/www.phantasiewerkstatt-bogen.de\/index.php?rest_route=\/wp\/v2\/media\/1422"}],"wp:attachment":[{"href":"http:\/\/www.phantasiewerkstatt-bogen.de\/index.php?rest_route=%2Fwp%2Fv2%2Fmedia&parent=1047"}],"curies":[{"name":"wp","href":"https:\/\/api.w.org\/{rel}","templated":true}]}}